 - l, 4*v + t - 263 = 0. What is the highest common factor of v and 26?
13
Suppose 8 = -t + 2*t. Let l = t + 61. Calculate the greatest common divisor of 46 and l.
23
Let y be 21 + -8 - 0/(-2). Calculate the highest common factor of 39 and y.
13
Let k be ((-8)/(-10))/((-4)/(-10)). Suppose -30 = -2*n - k*d, -3*n - 3*d = -d - 42. What is the greatest common factor of n and 108?
12
Suppose 5*k = 2*k + 3*m + 42, 4*k - 51 = -m. Let b = k - 27. Let c = 1 - b. What is the greatest common factor of c and 15?
15
Suppose -2*x + 3*n = -0*x + 1, n + 4 = 5*x. Suppose -x = w, 58 - 17 = 4*q - w. Let r = 5 + -1. What is the highest common factor of q and r?
2
Let h be -1 + (-21)/(-6) + (-1)/2. Calculate the greatest common factor of h and 8.
2
Let g be (-261)/(-12) - 6/8. What is the highest common factor of g and 7?
7
Let n(r) = 2*r**2 - 3*r - 5. Let k be n(-5). Suppose 5*y + k = 7*y. Calculate the greatest common divisor of 5 and y.
5
Suppose -2*b + 6 = -0*b. Let c = 31 - -2. Suppose -d + 4*j = 4, -j - 23 = -5*d + c. What is the greatest common divisor of b and d?
3
Let o = 32 + -3. Let b be (42/(-10))/(1/5). Let c = o + b. What is the greatest common factor of 72 and c?
8
Let h(s) = 0*s**2 + 2*s**3 + 9*s + 11*s**2 + 4*s**3 - 5*s**3 - 8. Let j be (-10)/45 + (-61)/9. Let n be h(j). What is the highest common factor of n and 50?
25
Suppose -5*q - 230 = -w, 0 = -3*q - 3*w - 1 - 137. Let f = q + 101. What is the greatest common divisor of 22 and f?
11
Let n = -6 - -29. Calculate the greatest common factor of 115 and n.
23
Let l be (-9)/(270/(-12)) - (-23)/5. Let c be (2 - -33)*1/1. What is the greatest common factor of l and c?
5
Let r be (144/(-80))/((-6)/20). Calculate the highest common divisor of r and 48.
6
Let y be 9*4 + 1 + -1. Let h = y - 16. Let b be -1 + 0/(-1) + 31. What is the highest common divisor of b and h?
10
Let w be (-20)/8*4/5. Let h(s) = -44*s. Let d be h(w). What is the greatest common factor of d and 11?
11
Let x = 121 - 44. Calculate the highest common divisor of 14 and x.
7
Suppose 10*m - 6*m - 224 = 0. Calculate the highest common factor of m and 14.
14
Let k be 2 + -1 - (-15 - -6). Let u = 45 - 5. What is the greatest common divisor of u and k?
10
Let f(k) = -k - 1. Let d be f(13). Let s = d - -19. Calculate the highest common divisor of 50 and s.
5
Suppose 0 = -3*b - 2*b + 20. Let c be 4 + (-2)/b*-4. Suppose -5*y + 3*q = -71, -3*y = -c*y - 5*q + 29. What is the highest common factor of y and 52?
13
Let r = -5 + 11. Let p be r - ((-1)/1 - -1). What is the highest common factor of p and 12?
6
Let f = 7 - -16. Suppose -4*l + 57 + 35 = 0. What is the highest common factor of f and l?
23
Suppose 0 = 11*w - 3*w - 48. Suppose -g + 7 = 2*m - 81, -2*m - 4*g = -100. Calculate the highest common factor of w and m.
6
Suppose 0 = -4*x - 2*u + 6, 10 = 2*x - u + 1. Suppose 8 = c + 3*c. Let b be (4 + -1)/(2/c). What is the highest common divisor of b and x?
3
Let j(v) = -2*v + 2. Let d be j(-12). Calculate the highest common factor of d and 65.
13
Let s = 21 + -6. Let h(v) = -5*v**3 + v**2 - v - 1. Let i be h(-2). Calculate the greatest common factor of i and s.
15
Let t be (1 - 0)/(1/2). Let w = -484 - -500. Calculate the highest common divisor of t and w.
2
Suppose -2*t = 2*f - 50, 3*f + 93 = 5*t - 2*t. Calculate the highest common factor of t and 28.
28
Let p(l) = l**2 - 10*l - 6. Let i be p(12). Let a be 184/i - (-2)/(-9). Let g be ((-5)/4)/(2/(-48)). Calculate the highest common factor of a and g.
10
Let o(w) = 2*w**2 - 7*w - 4. Let b be o(7). Suppose 1 + 4 = j. Calculate the highest common divisor of b and j.
5
Let c = -32 + 45. Suppose -5*y = -c - 7. What is the greatest common factor of 6 and y?
2
Suppose -5*l - 3*z + 472 = 0, -4*l - 2*z + 380 = z. Let f = l + -40. Calculate the greatest common divisor of 13 and f.
13
Let y(w) = 5*w - 5. Let r be y(5). Let z = -6 + r. Suppose -u + 4*i = z, -u = -3*u - 3*i + 27. What is the greatest common factor of u and 3?
3
Let u = 1 + 7. Calculate the highest common factor of u and 8.
8
Let k(i) = -2*i - 1. Let d be k(-3). Let x = d + -1. Let h = 167 - 165. Calculate the greatest common divisor of x and h.
2
Suppose -5*q - 23 = -w, -2*w = w - q - 13. Suppose -r + 4*z + 14 = -10, -4*z = -w*r + 80. What is the highest common factor of 4 and r?
4
Let m(p) = -p**2 + 6*p + 2. Let w be m(5). Suppose -2*x + 2*f = -5*x + 181, -4*f - 205 = -3*x. Calculate the highest common factor of w and x.
7
Let i(j) = -j**2 + 22*j - 76. Let v be i(6). Let f be (1 + -2)/(1/(-79)). Let g = f + -29. Calculate the greatest common divisor of g and v.
10
Let i = 47 + -5. What is the greatest common divisor of i and 84?
42
Let z(j) = -j**2 + 12*j - 6. Let p be z(10). What is the greatest common factor of 28 and p?
14
Let g be (3 - 14)/(2/(-6)). Suppose -5*u = -2*o + 11, 2*o - 3*u = -2 + 11. Calculate the greatest common factor of o and g.
3
Let m be 24/10*30/9. Calculate the greatest common factor of 2 and m.
2
Let o = 238 + -40. Calculate the highest common factor of 18 and o.
18
Let o = 8 - -7. What is the greatest common factor of o and 10?
5
Suppose 2*i = -2*z - 3 + 7, -3*i + 5*z + 22 = 0. Suppose -i*g + 15 = y - 3, -3*y = -5*g + 14. What is the highest common factor of 20 and g?
4
Let g = -4 + 6. Let v be (g/2)/(12/24). Suppose -4*d = t + d - 3, 5*t = -2*d + 15. Calculate the highest common factor of v and t.
1
Let c(q) = 8*q - 2. Let g be c(2). Let f = g + -2. What is the greatest common divisor of 60 and f?
12
Let n = -1 + 4. Let d be (-1)/(n/(-15) - 0). Suppose d*p + 2*r - 330 = -0*r, -4*p + 264 = -2*r. What is the highest common divisor of p and 6?
6
Suppose -27 = -4*w + 5*f, -2*w + 29 = w - 2*f. Calculate the greatest common divisor of w and 208.
13
Suppose 0 = 4*d + 2*d - 18. Suppose 5*p = 2*w - 2, -2*w - 5*p - d = -5*w. Calculate the highest common divisor of w and 5.
1
Let z = 31 - 27. Calculate the greatest common divisor of z and 1.
1
Suppose 22*j = 28*j - 288. Calculate the greatest common divisor of j and 12.
12
Let s be (-215)/4 + (-3)/(-4). Suppose -84 = -g + 3*g - 2*v, 0 = 4*g + 4*v + 128. Let c = g - s. Calculate the greatest common factor of 8 and c.
8
Let w = 498 + -351. What is the greatest common divisor of w and 21?
21
Let j = -5 - -7. Let f be -2 + 4 - (j - 2). Calculate the greatest common factor of 2 and f.
2
Let s(c) = -c**2. Let n(a) = -3*a**2 + a - 4. Let h(y) = -n(y) + 4*s(y). Let u be h(0). What is the greatest common divisor of 36 and u?
4
Let i(j) = 6*j - 6. Let v be i(4). Suppose 5*h - 52 = v. Let w be (-21)/6*2/(-1). Calculate the highest common divisor of w and h.
7
Let z = -15 - -17. Calculate the highest common factor of z and 6.
2
Let f = 8 + -6. Let k(h) = 6*h - 2. Let u be k(f). Calculate the greatest common divisor of u and 30.
10
Let u be (-9)/15 - 288/(-5). Calculate the highest common factor of 38 and u.
19
Suppose 0 = -5*v + 1573 + 587. Suppose 4*r - 4*f = -0*r + v, 0 = 3*f. What is the greatest common divisor of r and 18?
18
Let h be (7 - (3 + 0)) + 1. Suppose 4*w + 28 = -2*r, -2*r = 5*w - h*r + 57. Let d = -6 - w. Calculate the highest common factor of d and 27.
3
Let m = -5 + 3. Let j be 48 - 2 - (-1 - m). Suppose 2*b + 3*a - 30 = -0*b, 2*b - 3*a - 42 = 0. What is the greatest common factor of b and j?
9
Suppose -4*s = 8, -3*q - 3*s + 15 = -0*q. What is the greatest common divisor of q and 1?
1
Suppose -3*g + 280 = 5*g. Let b be (20/8)/(2/4). What is the greatest common factor of b and g?
5
Let d(o) = -6*o. Let i be d(-8). What is the highest common factor of i and 12?
12
Suppose 2 = -2*b + 10. Suppose 0 = -2*m - 5*f + b*f + 106, -m = 5*f - 35. What is the highest common divisor of m and 5?
5
Let d be (-16)/(-6) + (-8)/12. Suppose -5*b = m - 81, 5*m = d*b - 33 - 21. Suppose -65 = -u - 14. Calculate the greatest common factor of b and u.
17
Let q(p) = 13*p + 2. Let d be q(3). Suppose 6*u - 5*t - d = 2*u, 4*t = 3*u - 32. Calculate the highest common divisor of 10 and u.
2
Suppose 5*f = 3*u + u - 75, -2*f = 2*u - 60. Let j = 29 + 46. What is the greatest common divisor of u and j?
25
Let x be (-2)/7 - 2024/(-28). Suppose -4*p - p = -25, -4*i - 4*p + x = 0. What is the highest common factor of i and 91?
13
Suppose -526 = -7*l - 134. Calculate the greatest common factor of 8 and l.
